when q(-8) is divided by 7?
4
Let x = -14 - -3. Let p = -4 - x. Let a(l) = -l**2 - 5*l - 1. What is the remainder when p is divided by a(-4)?
1
Suppose -6 = -5*t + 4. Suppose -3*z + 9 = 5*w, 12 = 6*z - t*z + 5*w. Let k(n) = n**2 + 9*n - 2. Calculate the remainder when k(-10) is divided by z.
2
Suppose 5*g = 3*g + 42. Calculate the remainder when 37 is divided by g.
16
Let l = 86 - 52. Suppose -5*c + l = -3*c. What is the remainder when c is divided by 9?
8
Suppose 6*k + 1 = 7*k. Calculate the remainder when 1 is divided by k.
0
Let l = -94 + 131. Suppose -h + l = 10. What is the remainder when h is divided by 10?
7
Suppose 4*u = u + 153. What is the remainder when u is divided by 27?
24
Suppose n - 27 = 4*i, 4*i = n + i - 25. Let u = -207 - -218. What is the remainder when n is divided by u?
8
Suppose 40 = -2*h - 28. Let r = h + 47. What is the remainder when 25 is divided by r?
12
Let l = 95 - 44. What is the remainder when l is divided by 13?
12
Suppose 9*k - 352 = -2*k. What is the remainder when 117 is divided by k?
21
Suppose -5*h - 5*k = -23 - 12, 3 = -h + k. Calculate the remainder when h/(-2 + (-48)/(-21)) is divided by 4.
3
Let v = -12 + 28. Let b = -11 - -20. Calculate the remainder when v is divided by b.
7
Let s = 5 - 0. Suppose 4*k = s*k - 16. Calculate the remainder when 62 is divided by k.
14
Suppose -42*t + 48*t = 180. What is the remainder when 88 is divided by t?
28
Let s = 77 - 44. Calculate the remainder when 98 is divided by s.
32
Suppose 20 - 4 = 4*u. Calculate the remainder when 21 is divided by u.
1
Let d be (4/2)/2*5. Suppose -t - j - 85 = -6*t, 0 = d*j. What is the remainder when t is divided by 6?
5
Let a(f) = f. Let t be a(0). Let y = 0 + t. What is the remainder when (-3 - y) + (1 - -64) is divided by 16?
14
Calculate the remainder when 113 is divided by ((-140)/8 + 3)*(-2 - 0).
26
Let d = -2 + 6. Suppose 7*z = d*z + 66. What is the remainder when z is divided by 8?
6
Let p = 11 + -1. Let b(o) = 7*o**2 + 9. What is the remainder when b(2) is divided by p?
7
Suppose -n = -7 - 20. Let q be 4 + 2 - (-2 - -3). Suppose q*m - 57 = 13. Calculate the remainder when n is divided by m.
13
Suppose -3*n = -8*n - 25. Let c = -2 - n. Suppose 5*b - 21 = -t, t = -c*b + 2*t + 19. What is the remainder when 19 is divided by b?
4
Let p(t) = -t**2 - 7*t - 5. Suppose 5*j - 35 = 35. Suppose -4*u = j + 6. Calculate the remainder when 14 is divided by p(u).
4
Let v be (8/5)/((-3)/75). Let w = v + 68. Calculate the remainder when w is divided by 15.
13
Let v(q) = 2*q + 4. Let c be v(-10). Let i = -2 - c. Suppose 9*h = 4*h + 130. Calculate the remainder when h is divided by i.
12
Let l(b) = -b**3 + 6*b**2 - 5*b + 3. Let h be (-12)/(-10)*80/24. Let i be l(h). Suppose 5*j - i = 5. Calculate the remainder when j is divided by 2.
0
Let b(h) = -h**3 + 7*h**2 - 4*h - 6. Let x be b(6). Suppose -x + 16 = 5*j. What is the remainder when 1*(-4 - -2) - -5 is divided by j?
1
Let t be 0 - ((-4)/(-2) + -2). Suppose t = 5*h - 8 - 12. Calculate the remainder when (3/6)/(1/14) is divided by h.
3
What is the remainder when ((-45)/(-10))/((-2)/(-68) + 0) is divided by 26?
23
Suppose 75 = -6*o + 213. Calculate the remainder when o is divided by 13.
10
Suppose 3*r - 5*h + 0 = 21, 4*h = 3*r - 18. Calculate the remainder when r is divided by 2.
0
What is the remainder when 13 is divided by -2 - 2*-6 - 2?
5
Let r = 8 - -5. Suppose 3*s = 2*s + 4*d - 1, -3*d + r = s. Suppose 128 = 5*y + 3. Calculate the remainder when y is divided by s.
4
Suppose -25 = 2*g - 7*g. Suppose 4*k = -0*o + g*o + 61, o - 41 = -3*k. What is the remainder when ((-4)/12)/(1/(-123)) is divided by k?
13
Let x(f) = 10*f**2. Calculate the remainder when 33 is divided by x(1).
3
Suppose -i - 4 = -r + 9, -3*r - 3*i + 21 = 0. What is the remainder when 39 is divided by r?
9
Let b = 15 + -10. Calculate the remainder when 22 is divided by b.
2
Suppose 5*p = -3*h + 42, -2*h + 6*p = 2*p - 50. What is the remainder when h is divided by (-3)/(-1*3/7) + 3?
9
Let h = -1 - -17. Suppose 0*r = r - 19. Suppose r = 4*y - 5. What is the remainder when h is divided by y?
4
Let f = 114 + -59. Calculate the remainder when f is divided by 14.
13
Let r(p) = 2*p**2 + 12*p + 4. Calculate the remainder when r(-8) is divided by 14.
8
Suppose -2*h + 0 + 94 = 0. Calculate the remainder when h is divided by 12.
11
What is the remainder when 3/(-2) + (-885)/(-10) is divided by 18?
15
Let w be -6 - (-2 + 1/(-1)). Calculate the remainder when (3 - (-18)/w) + 26 is divided by 12.
11
Let x(f) = -f**3 + 6*f**2 - 17. Suppose 59 = 4*u - 57. Calculate the remainder when u is divided by x(5).
5
Let s(t) = -3*t**3 + 3*t + 1. Let c be (28/8)/(3/6). Suppose 6*z - c = 215. Calculate the remainder when z is divided by s(-2).
18
Suppose 4*v - v - 209 = 4*i, i + 354 = 5*v. What is the remainder when v is divided by 25?
21
Suppose 2*f - 23 = 17. Suppose -f - 132 = -4*b. Calculate the remainder when b is divided by 10.
8
Let v = -51 - -102. What is the remainder when v is divided by 13?
12
Let x = -28 - -47. Let s = -32 + x. Let r = s - -21. What is the remainder when 23 is divided by r?
7
Let x = -35 - -65. Let d(y) = 4*y - 4. Calculate the remainder when x is divided by d(5).
14
Let a(n) = -n**3 - 5*n**2 + 7*n + 9. Let r be a(-6). Suppose -2*v - 3*s = 2*v - 203, -v - r*s = -62. Calculate the remainder when v is divided by 24.
23
Let y(m) = 2*m**3 + m - 2. Let u be y(-3). Let d = 98 + u. What is the remainder when d is divided by 10?
9
Suppose -2*m + 2*p + 14 = 0, -3*m - 14 = -4*p - 34. Let c(g) = 21*g - 123. Calculate the remainder when m is divided by c(6).
2
Let k = -127 - -234. Let l = -6 - -10. Suppose -5*w - 3*z + 42 + k = 0, -l*z - 163 = -5*w. Calculate the remainder when w is divided by 17.
14
Suppose 67 = -3*g + 5*r + 185, 3*r + 186 = 5*g. Let a = -17 + g. What is the remainder when a is divided by 7?
5
Calculate the remainder when 0 - (-4)/(-6) - (-392)/21 is divided by 11.
7
Let d = -171 - -175. What is the remainder when d is divided by 2?
0
Let t(z) = z**2. Let q be -3 + (-6)/(-3) - 4. What is the remainder when t(q) is divided by 13?
12
Let m = 8 + -8. Suppose -n - d = -m*d + 1, 3*d = 5*n - 27. Suppose -n*q + 126 = -i, 5*i + 38 + 59 = 2*q. What is the remainder when q is divided by 14?
13
Let m = -43 + 65. What is the remainder when m is divided by 12?
10
Let r be 5*((-6)/(-2))/(-3). Let p(w) = -w**2 - 5*w + 6. What is the remainder when p(r) is divided by 4?
2
Suppose 5*y = -106 - 19. Let z = -8 - y. What is the remainder when z is divided by 6?
5
Calculate the remainder when 58 is divided by (-8)/(-20)*(-90)/(-2).
4
Let n(j) = -j + 5. Calculate the remainder when n(-4) is divided by ((-1)/(-3))/(1/18).
3
Let a = 76 - 49. Suppose 7*v - 4*v = a. Let r = 17 - v. Calculate the remainder when 23 is divided by r.
7
Let d(k) = k**2 - 5*k + 8. Let g(u) = u**2 + 3*u. Let t be g(-5). What is the remainder when d(t) is divided by 12?
10
Let o = -96 - -123. Let u(z) = -6*z**3 - 3*z**2 - 3*z - 4. Let n be u(-3). Let q = -61 + n. What is the remainder when q is divided by o?
25
Suppose 4 = 2*c - 2. Suppose -5*p + 85 = -k + 14, 3*k = -c*p + 39. Calculate the remainder when 41 is divided by p.
13
Suppose 4*q - 70 = -14. Calculate the remainder when 27 is divided by q.
13
Suppose 4*o - 72 = -4*q, -33 = -q - 0*o - 4*o. Let x = 33 - q. Suppose 6*n - 5*t = n + 45, -n = -2*t - 7. Calculate the remainder when x is divided by n.
9
Let q = 6 - 1. Calculate the remainder when 11 is divided by (-1)/1*(-20)/q.
3
Let z = -52 - -99. Calculate the remainder when z is divided by 16.
15
Let x be 7/(-42) + (-11)/6. Let r be (27/(-15))/(x/10). Suppose -3*y + 0 = r, y = -2*h + 11. What is the remainder when 13 is divided by h?
6
Let f(p) = 9*p + 2. Suppose 6*r - r = 4*b + 57, 0 = -3*r - 4*b + 47. What is the remainder when f(4) is divided by r?
12
Suppose 3*h - 2 = 4. Suppose 2*p + 2*w = 26, -h*p + 52 = 2*p - 4*w. What is the remainder when 37 is divided by p?
11
Let k(s) = 5*s**3 + 4*s**2 + 4. Let r(l) = -l**2 - l - 1. Let x(t) = k(t) + 2*r(t). Calculate the remainder when x(2) is divided by 12.
10
Let j(q) = q**3 - 3*q**2 - q - 4. Suppose -3*k + 5 = -7. Suppose 11*y = 4*y + 154. What is the remainder when y is divided by j(k)?
6
Let t = 24 - 13. Suppose 